 - 3. Let f(n) = -5*n + 4. Let g(x) = -4*a(x) - 5*f(x). Calculate g(4).
-4
Suppose 3*f = 3*z + 2*z - 3, 3*f + z - 15 = 0. Suppose 15 = 2*c + r, -5*r - 11 = f*c - 56. Let u(b) = b**2 - 3*b**2 - 3*b - 4 + 3*b**2. Determine u(c).
6
Let b(x) = x**2 + 6*x + 2. Let m be b(-6). Let f be (4/(-4))/(m/(-10)). Let y(t) = -t. Calculate y(f).
-5
Suppose 0 = 3*l - 2*v - 2*v + 26, 0 = l + v - 3. Let b(g) = 15*g + 6. Let r(j) = 5*j + 2. Let o(t) = 2*b(t) - 7*r(t). Give o(l).
8
Let x(d) = -d**3 + 7*d**2 + 11*d - 4. Let h be x(8). Suppose 5*u = u - h. Let j(k) = k**2 + 5*k - 1. Determine j(u).
-1
Let a be 11/3 - 10/15. Let g(x) = a + 0*x**2 + 7*x - x**3 - x**2 - 3*x**2. Calculate g(-5).
-7
Let h(i) = i**3 + 6*i**2 - 3*i - 5. Let b = -101 - -95. Give h(b).
13
Let w(h) = h**2 + h - 1. Let z(o) = -6*o**2 - 4*o + 4. Let p(m) = -3*w(m) - z(m). Calculate p(2).
13
Let t = -4 + 7. Let c(u) = 2*u**2 - 2*u + t + u**2 - 4*u**2. Give c(-3).
0
Suppose -18 = -0*h - 3*h. Let y(g) = 9*g**2 - 12*g + 5. Let c(w) = 5*w**2 - 7*w + 3. Let u(j) = -11*c(j) + 6*y(j). Calculate u(h).
-9
Let w(c) = -6*c**2 - 6*c + 1. Let j(y) = -5*y**2 - 6*y + 1. Let m(h) = -5*j(h) + 4*w(h). Calculate m(-7).
6
Let p be ((14 + -4)/2)/(-1). Let o(d) be the third derivative of d**6/120 + d**5/15 - d**4/4 - d**3 + d**2. Give o(p).
-1
Suppose 3*x - 5*x = 10. Let b be ((-2)/(-6))/(x/(-15)). Let i(u) = -2*u**3 - u**2 + u - 1. Determine i(b).
-3
Suppose 4*h - 2*t - 12 = 0, -4*t - 13 = h + 2*h. Let q be (-2)/(h + (-12)/9). Let y(c) = c**2 - q*c - 8 + c - c + c. Calculate y(6).
-2
Let a(n) = -n. Let k(y) = -4*y - 2. Let p(u) = 2*a(u) - k(u). Suppose -5*w = -w + 2*q - 4, -5*w + 12 = -q. Determine p(w).
6
Let o(t) = -t**3 + t**2 - 2*t + 1. Suppose -15*x = -11*x. Suppose 4 - 10 = 2*w - 2*p, x = w - 5*p + 23. What is o(w)?
-7
Let l(d) = -d**2 - 8*d - 8. Suppose -3*b = y - 4*b + 7, 0 = -2*b - 2. Calculate l(y).
-8
Suppose 5*m - 5*w = 15, 3*w + 1 = -5. Suppose 0*o + o - 7 = 0. Let s(c) = o*c**2 - 1 - c**2 - 2*c**2. Give s(m).
3
Let p(f) = f**2 - 13*f - 10. Let n be p(14). Let i(l) = 5 - n - 2*l + l**2 + l. Determine i(2).
3
Let l(m) = 2 + 4*m - 2*m**2 + m**2 + 0 - m**3. Let b be (-10 + 5)*(-6)/(-10). Calculate l(b).
8
Let b(n) be the third derivative of -n**4/4 - n**3/2 - 17*n**2. Calculate b(-6).
33
Let b(i) = 2*i**2 - 7*i - i**3 - 3*i**2 - i**3 + 6*i. Suppose -7*q + 2*q - 4*a + 15 = 0, 3*a = -3*q + 12. Give b(q).
2
Let d be (6/(-5))/(4/(-10)). Let b(l) = -6*l**2 - l**3 + d + 4 - 4 - 5*l. Suppose 0 = -5*s + 2 - 27. Calculate b(s).
3
Let z(j) = 4*j + 3. Suppose -4*v + 2 - 10 = 0. Determine z(v).
-5
Let c(u) be the second derivative of u**5/20 - 5*u**4/12 + 5*u**3/6 - 3*u**2 + 18*u. Suppose 3*h - 4*p = -29, 6*h - h + 20 = p. Let n = h + 7. What is c(n)?
-2
Let a(r) = 3*r + 3. Let b be a(-8). Let j be 20/(-3) - 14/b. Let v(l) be the first derivative of l**2 + 5*l - 2. Give v(j).
-7
Let f = -6 + 11. Suppose -g + f*y = 2 + 1, -3*g - 2*y = -8. Let r(h) = -g*h**3 + 2*h**2 + 9 - 3*h**2 + h + 3*h**3. Give r(0).
9
Let y(z) be the third derivative of 0 - 1/12*z**4 + 2*z**2 - 1/6*z**3 + 0*z. What is y(-3)?
5
Let w(o) = 2*o. Let m be 10/(-2)*(-4)/5. Give w(m).
8
Let b = -67 - -64. Let r(o) = o**3 - 4*o. Give r(b).
-15
Let m(q) = -7*q**3 + 2*q**2 - 1. Let l(j) = j**2 + j - 7. Let c be l(-3). Determine m(c).
8
Let l(v) = -v**2 + v - 2. Let z(m) = m - 8. Let j be z(8). Suppose j = -4*f + 12 + 8. Suppose -y + g + 3 = 0, -f*y = -5*g + 4*g - 11. Determine l(y).
-4
Let y(g) = g**2 - 5*g - 3*g + 5*g + 5 - 3*g. Let l(o) = 0 + o**2 - 6 + 2. Let f be l(3). Determine y(f).
0
Let d be (-45)/10*8/12. Let c(t) = -3*t + 3. Give c(d).
12
Let p(n) = 11*n**2 + 5*n - 13. Let u(i) = -5*i**2 - 2*i + 6. Let o(h) = -6*p(h) - 13*u(h). Let z = 8 + -13. Calculate o(z).
-5
Let l = -10 - -14. Let m(f) = -f**3 - 2*f**2 + 3*f. Let q be m(-3). Let h(i) = q*i - 2*i + l - 2. Give h(-2).
6
Let u(x) = -x + 1. Suppose -q - k = 2*k, 0 = 3*q + 2*k. Determine u(q).
1
Let l(d) be the third derivative of 0*d + 1/120*d**5 + 3/8*d**4 - d**2 + 0 + 1/2*d**3. Let m(w) be the first derivative of l(w). Determine m(-5).
4
Let l(r) = -r**3 - 5*r**2 - 5*r. Let t(a) = -3*a**3 - 15*a**2 - 14*a - 1. Let b be -2 - (-1 + -2)*1. Let s = b - -3. Let m(c) = s*t(c) - 11*l(c). What is m(-5)?
1
Let q be -2*2*1/(-2). Suppose 0 = -u + 5*f - 18, 0 = -2*u - 3*u - q*f + 18. Let p(g) = 3*g + 2*g**2 + g**2 - g**2 + g**u. Determine p(-2).
6
Let w(j) be the third derivative of -j**5/30 - j**3/6 + j**2 - 10*j. Suppose 5 = -5*b - 10. Let m be ((-1)/b)/(2/(-6)). Calculate w(m).
-3
Let n = 37 - 22. Let b = n - 9. Let x(k) = -1 + 3*k + 2*k - b*k. Determine x(3).
-4
Let f(j) = j**3 + j**2 + j + 1. Let x(b) be the first derivative of -3*b + 1 - 2*b**2 - 2/3*b**3 - b**4. Let w(y) = 5*f(y) + x(y). Calculate w(-3).
-1
Let t(q) = -5*q - 2. Let z(k) = k**3 + 2*k**2 - 2*k + 3. Let h be z(-3). Suppose h = 3*y + 12, -3*y + 2*y = 2*m. Determine t(m).
-12
Let n(r) be the second derivative of r**4/3 - 2*r**3/3 + 3*r**2/2 - 8*r. Give n(2).
11
Let b(x) = -7*x**3 + x**2. Suppose -v = v + 12. Let c = v + 3. Let g be ((-1)/(-3))/(c/(-9)). Give b(g).
-6
Suppose -2*k + 3*k = 3. Let b(f) = -4*f**3 + f**2 - 3*f - 4. Let c(p) = 11*p**3 - 2*p**2 + 9*p + 11. Let w(r) = k*c(r) + 8*b(r). Determine w(-2).
-5
Let w(y) = 5*y**2 - 1. Let x be w(-1). Let n(p) = -p**3 + 3*p**2 + 2*p + 4. Give n(x).
-4
Suppose 0 = 2*b - 7*b - 15. Let g = 0 + b. Let m(j) = -j**3 - j**2 + 4*j + 2. Give m(g).
8
Suppose 0 = -3*k - 6, -3*o - o + 4*k = 0. Let x(j) be the third derivative of j**4/24 + j**3/3 + j**2. Calculate x(o).
0
Let j(x) = 4*x + 7. Let v(i) = 0*i**2 - 4 + 56*i**3 + 2*i**2 + 3*i - 58*i**3. Let w be v(2). Determine j(w).
-17
Let s(f) be the second derivative of 0*f**3 + 0 + 0*f**2 + 3/4*f**4 + 2*f. Calculate s(1).
9
Suppose 3*i + i = 0. Suppose 2*o + 5*x = -7, i = -3*o + 6*o - x + 19. Let m(c) = -c - 1. Determine m(o).
5
Let q = -1 - -2. Suppose -q + 26 = -5*b. Let z(l) = -l**2 + 0 + 2 + 1 - 8*l + 4*l. Determine z(b).
-2
Let f = -551/6 + 92. Let a(u) be the second derivative of -u**2 + 0 - u - f*u**3. Determine a(-2).
0
Let t(r) be the second derivative of -r**4/12 + r**3 + 3*r**2 - r. Let c be 8/10 - 208/(-40). Calculate t(c).
6
Let b(m) = 8*m + 7 - 7*m + 5*m + m**2. Give b(-5).
2
Let v(q) be the second derivative of -q**6/720 + q**5/15 - 5*q**4/12 - 4*q. Let s(d) be the third derivative of v(d). Determine s(0).
8
Let c(f) = 13*f**3 + 13*f**2 + 3*f - 11*f**3 - 15*f**2 - 2. Give c(2).
12
Let r(t) = -t + 3. Let x(d) = d - 3. Let c(h) = 6*r(h) + 7*x(h). Suppose 5*v - 51 + 16 = 0. Give c(v).
4
Suppose -2*y - 2*y = 3*i - 4, 5*y = 5*i + 40. Suppose 0*m + 2*m = y, 3*m - 5 = n. Let u(d) = -2*d + n + d**3 - 4 - d**2 + 2. What is u(-1)?
-1
Suppose 5 - 4 = -l, 4*l = 5*a - 14. Let s(o) = 0 - 4 - 2*o + o**3 + a*o**2 + 0*o**3 + 2. Calculate s(-3).
-5
Let n(o) be the third derivative of o**6/120 - o**5/10 + o**4/24 + 5*o**3/6 + 11*o**2. Calculate n(4).
-23
Suppose 5*d - 19 + 4 = 0. Let n(k) = -2*k + 3 + 18*k**3 - 5 - 17*k**d + 3*k**2. Calculate n(-3).
4
Let s be 3 - (0/2 + 0). Let f(j) = 2*j**2 - 4 - 9*j - s - j**2 + 4*j. What is f(6)?
-1
Let i(f) = -6*f - 13. Let j(v) = 3*v + 6. Let l(s) = -4*i(s) - 9*j(s). Calculate l(3).
-11
Suppose 5*l = 3*k - 6*k + 46, k = 2*l - 25. Let s = l + -8. Let t(m) be the second derivative of m**4/12 - m**3/3 - 2*m**2 + 20*m. Give t(s).
-1
Let v(c) = -4*c**3 - 2*c**2 + 6*c + 2. Let y(i) = 5*i**3 + 3*i**2 - 7*i - 3. Let l(t) = 4*v(t) + 3*y(t). What is l(2)?
1
Let h = -73 - -80. Let c(t) = -2*t + 2. Give c(h).
-12
Let f = 1 - 4. Let n(w) = -5*w**2 - 4*w + 2. Let j(d) = d**2 + d - 1. Let b(h) = -6*j(h) - n(h). Calculate b(f).
1
Let t(a) = 3 - 2*a**2 + 0*a**2 + 2*a**2 + 7*a + a**2. Calculate t(-3).
-9
Suppose 0 = z - 2*z - 10. Let b be (-15)/z*(-8)/(-6). Let f(x) = -2*x**2 + 3*x**3 + b*x**3 - 6*x**3 + 0 + 1 - x. Determine f(-2).
3
Let c(u) = 2 - 5*u + 7*u - 5 - 4*u. Determine c(-3).
3
Let p = 1/46 - -227/138. Let a(k) be the first derivative of -1 - k**2 - 1/4*k**4 - p*k**3 - k. Determine a(-2).
-9
Let w = 10 - 9. Let p = 1 - w. Let i(h) = 7*h**2 - 6*h - 1. Let j(s) = -s**2 + s + 1. Let x(v) = -i(v) - 6*j(v). Calculate x(p).
-5
Let r(g) = -g**3 - 8*g**2 - 8*g - 5. Let v = 5 - 12. Let d be r(v). Suppose z - 9 = -d*z. Let u(b) 